ors of 30552.
2, 3, 19, 67
List the prime factors of 258.
2, 3, 43
What are the prime factors of 1357?
23, 59
What are the prime factors of 26704?
2, 1669
List the prime factors of 3726.
2, 3, 23
What are the prime factors of 424?
2, 53
What are the prime factors of 16094?
2, 13, 619
What are the prime factors of 98987?
7, 79, 179
What are the prime factors of 1833?
3, 13, 47
What are the prime factors of 5073?
3, 19, 89
What are the prime factors of 40617?
3, 4513
List the prime factors of 3157.
7, 11, 41
What are the prime factors of 6370?
2, 5, 7, 13
List the prime factors of 2561.
13, 197
List the prime factors of 2465.
5, 17, 29
List the prime factors of 116.
2, 29
List the prime factors of 1749.
3, 11, 53
What are the prime factors of 4182?
2, 3, 17, 41
List the prime factors of 9980.
2, 5, 499
What are the prime factors of 53396?
2, 7, 1907
What are the prime factors of 2533?
17, 149
What are the prime factors of 7011?
3, 19, 41
What are the prime factors of 1461?
3, 487
What are the prime factors of 90641?
90641
What are the prime factors of 75802?
2, 151, 251
List the prime factors of 107149.
7, 15307
What are the prime factors of 4062?
2, 3, 677
What are the prime factors of 55390?
2, 5, 29, 191
List the prime factors of 2469.
3, 823
List the prime factors of 6067.
6067
List the prime factors of 6264.
2, 3, 29
What are the prime factors of 134?
2, 67
What are the prime factors of 5547?
3, 43
List the prime factors of 5500.
2, 5, 11
List the prime factors of 616.
2, 7, 11
What are the prime factors of 4737?
3, 1579
List the prime factors of 220.
2, 5, 11
What are the prime factors of 16663?
19, 877
List the prime factors of 758.
2, 379
List the prime factors of 7428.
2, 3, 619
List the prime factors of 44730.
2, 3, 5, 7, 71
What are the prime factors of 1360?
2, 5, 17
What are the prime factors of 78755?
5, 19, 829
List the prime factors of 6751.
43, 157
List the prime factors of 4548.
2, 3, 379
What are the prime factors of 63654?
2, 3, 103
What are the prime factors of 9754?
2, 4877
What are the prime factors of 218?
2, 109
What are the prime factors of 870?
2, 3, 5, 29
What are the prime factors of 634?
2, 317
What are the prime factors of 181?
181
List the prime factors of 1008.
2, 3, 7
What are the prime factors of 82202?
2, 23, 1787
What are the prime factors of 1986?
2, 3, 331
What are the prime factors of 16268?
2, 7, 83
What are the prime factors of 16698?
2, 3, 11, 23
What are the prime factors of 32546?
2, 16273
List the prime factors of 2191.
7, 313
What are the prime factors of 6386?
2, 31, 103
List the prime factors of 2548.
2, 7, 13
What are the prime factors of 1789?
1789
What are the prime factors of 1400?
2, 5, 7
What are the prime factors of 13689?
3, 13
What are the prime factors of 13673?
11, 113
List the prime factors of 13785.
3, 5, 919
List the prime factors of 1662.
2, 3, 277
What are the prime factors of 161329?
7, 19, 1213
What are the prime factors of 6075?
3, 5
What are the prime factors of 181?
181
What are the prime factors of 1647?
3, 61
List the prime factors of 14911.
13, 31, 37
List the prime factors of 7121.
7121
What are the prime factors of 37250?
2, 5, 149
What are the prime factors of 103610?
2, 5, 13, 797
What are the prime factors of 160?
2, 5
What are the prime factors of 18154?
2, 29, 313
List the prime factors of 1837.
11, 167
What are the prime factors of 146?
2, 73
List the prime factors of 594.
2, 3, 11
List the prime factors of 1600.
2, 5
What are the prime factors of 13323?
3, 4441
What are the prime factors of 31714?
2, 101, 157
List the prime factors of 38641.
17, 2273
What are the prime factors of 1078?
2, 7, 11
What are the prime factors of 295?
5, 59
What are the prime factors of 69040?
2, 5, 863
What are the prime factors of 3986?
2, 1993
What are the prime factors of 4054?
2, 2027
What are the prime factors of 49211?
49211
What are the prime factors of 15145?
5, 13, 233
What are the prime factors of 1586?
2, 13, 61
List the prime factors of 204337.
7, 29191
List the prime factors of 2444.
2, 13, 47
List the prime factors of 63257.
17, 61
List the prime factors of 595.
5, 7, 17
List the prime factors of 2934.
2, 3, 163
List the prime factors of 1327.
1327
What are the prime factors of 38080?
2, 5, 7, 17
What are the prime factors of 9549?
3, 1061
List the prime factors of 47676.
2, 3, 29, 137
List the prime factors of 2831.
19, 149
What are the prime factors of 9983?
67, 149
What are the prime factors of 519?
3, 173
What are the prime factors of 6755?
5, 7, 193
List the prime factors of 8242.
2, 13, 317
What are the prime factors of 6419?
7, 131
List the prime factors of 166928.
2, 10433
What are the prime factors of 4558?
2, 43, 53
What are the prime factors of 20304?
2, 3, 47
List the prime factors of 17715.
3, 5, 1181
What are the prime factors of 17831?
11, 1621
List the prime factors of 1499.
1499
List the prime factors of 9204.
2, 3, 13, 59
List the prime factors of 10371.
3, 3457
List the prime factors of 151.
151
List the prime factors of 53469.
3, 13, 457
What are the prime factors of 4308?
2, 3, 359
List the prime factors of 13047.
3, 4349
What are the prime factors of 678?
2, 3, 113
List the prime factors of 40070.
2, 5, 4007
What are the prime factors of 185568?
2, 3, 1933
What are the prime factors of 30528?
2, 3, 53
What are the prime factors of 15963?
3, 17, 313
What are the prime factors of 1239?
3, 7, 59
List the prime factors of 1895.
5, 379
List the prime factors of 2651.
11, 241
What are the prime factors of 3863?
3863
What are the prime factors of 7717?
7717
What are the prime factors of 7002?
2, 3, 389
List the prime factors of 2893.
11, 263
What are the prime factors of 1297?
1297
List the prime factors of 2695.
5, 7, 11
What are the prime factors of 37240?
2, 5, 7, 19
List the prime factors of 1717.
17, 101
List the prime factors of 4410.
2, 3, 5, 7
List the prime factors of 1612.
2, 13, 31
What are the prime factors of 11111?
41, 271
List the prime factors of 5298.
2, 3, 883
What are the prime factors of 4935?
3, 5, 7, 47
What are the prime factors of 19154?
2, 61, 157
What are the prime factors of 5930?
2, 5, 593
What are the prime factors of 48172?
2, 12043
What are the prime factors of 2222?
2, 11, 101
List the prime factors of 6737.
6737
What are the prime factors of 37602?
2, 3, 2089
List the prime factors of 266.
2, 7, 19
What are the prime factors of 6472?
2, 809
What are the prime factors of 16834?
2, 19, 443
What are the prime factors of 2485?
5, 7, 71
List the prime factors of 1114.
2, 557
List the prime factors of 11820.
2, 3, 5, 197
What are the prime factors of 399?
3, 7, 19
List the prime factors of 20256.
2, 3, 211
List the prime factors of 23202.
2, 3, 1289
List the prime factors of 13610.
2, 5, 1361
What are the prime factors of 1816?
2, 227
List the prime factors of 1805.
5, 19
List the prime factors of 45189.
3, 5021
List the prime factors of 603.
3, 67
What are the prime factors of 710?
2, 5, 71
List the prime factors of 88065.
3, 5, 19, 103
What are the prime factors of 79013?
11, 653
List the prime factors of 1043.
7, 149
List the prime factors of 29839.
53, 563
What are the prime factors of 25970?
2, 5, 7, 53
List the prime factors of 37664.
2, 11, 107
List the prime factors of 15971.
15971
What are the prime factors of 1558?
2, 19, 41
List the prime factors of 88945.
5, 17789
What are the prime factors of 24920?
2, 5, 7, 89
What are the prime factors of 13528?
2, 19, 89
What are the prime factors of 1673?
7, 239
What are the prime factors of 12838?
2, 7, 131
What are the prime factors of 503?
503
List the prime factors of 26589.
3, 8863
List the prime factors of 47834.
2, 23917
What are the prime factors of 1341?
3, 149
List the prime factors of 8458.
2, 4229
What are the prime factors of 540?
2, 3, 5
What are the prime factors of 2673?
3, 11
List the prime factors of 1544.
2, 193
List the prime factors of 1384.
2, 173
What are the prime factors of 10639?
10639
What are the prime factors of 45438?
2, 3, 7573
List the prime factors of 6923.
7, 23, 43
List the prime factors of 5585.
5, 1117
What are the prime factors of 23546?
2, 61, 193
What are the prime factors of 44735?
5, 23, 389
List the prime factors of 2132.
2, 13, 41
Wh